3)?
4
Suppose -5550 = 41*g - 56*g. What is the units digit of g?
0
Suppose 4*i = 3*c + 14, -20*i - 6 = c - 22*i. Let d(m) be the first derivative of 17*m**3/3 - m**2 - m + 2. What is the tens digit of d(c)?
7
Let c(i) = 7*i**2 + 19*i - 28. What is the tens digit of c(-10)?
8
Let v(r) = 326*r + 15. What is the hundreds digit of v(1)?
3
Suppose 0 = h - 2*h. Suppose h*r - 4*r = 8. What is the tens digit of ((-3)/6)/(r/76)?
1
What is the tens digit of 39/(-2)*(68/(-12) - -5)?
1
What is the units digit of (152/(-6) - 1)*273/(-13)?
3
Let x be (-6)/(-27) + (-34)/(-9). Suppose -2*k = -x*s - 154 - 138, -5*s + 20 = 0. What is the units digit of k/8 + (-1)/4?
9
Let c(r) be the third derivative of -r**5/60 - 3*r**4/8 - 11*r**3/6 + 7*r**2. Let k be c(-7). Suppose 0 = -k*s + 4*s - 25. What is the units digit of s?
5
Suppose -2*n + 4854 = -3*d, 3956 = 3*n - d - 3339. What is the tens digit of n?
3
Let v be (-1)/2 - (-8)/16. Let s(g) = g - 15. Let f be s(v). Let l = f - -16. What is the units digit of l?
1
What is the hundreds digit of (-10428)/(-10) + 84/(-105)?
0
Suppose 5*r - 3834 = -4*y, -r - 4*y = -y - 758. What is the units digit of r?
0
Let c(j) = j**3 - 16*j**2 - 24*j - 19. Let y be c(18). Suppose -3*g = -31 - y. What is the units digit of g?
6
Let h(r) = -r + 8. Let q be h(8). Let n = q + 4. Suppose 2*k - n*k + 34 = 0. What is the units digit of k?
7
Let a(s) = 35*s**2 + 5*s - 3. What is the units digit of a(-4)?
7
Suppose -8*n + 2 = -7*n. Suppose -4*i - 5*c - 9 = -0*c, -n*i + 18 = -2*c. Suppose 28 = i*o + 8. What is the units digit of o?
5
Suppose -4*d = 0, 3*d = 34*u - 33*u - 1793. What is the tens digit of u?
9
Suppose 2*v - 2*k - 91 = 45, -3*v + 208 = -k. Let p = -8 + v. What is the units digit of p?
2
Suppose -2*b + 10 = 4. Suppose 2*n = 5*u + 170, -4*n = 4*u - b*u - 362. What is the tens digit of n?
9
Suppose 0 = t + 2*g - 7, 0 = 4*g + 3 - 7. What is the units digit of 4/t - 1/(-5)?
1
Let d = 12 + -7. Suppose -5*n + n + 3*s = -232, -20 = d*s. What is the units digit of n?
5
Suppose -270 = -d + 643. What is the hundreds digit of d?
9
Suppose -1813 = -5*m + 4*p, -5*m + 5*p + 933 = -877. What is the hundreds digit of m?
3
Suppose -20 = -3*t - 2*t. Suppose -t*b = b. What is the units digit of b + (1 - (0 + -15))?
6
Let l = 2042 + -1109. What is the units digit of l?
3
Let o = -570 - -1006. What is the tens digit of o?
3
Let c = 809 + 409. Suppose -c = -102*z + 96*z. What is the hundreds digit of z?
2
Let v(x) = x**3 - 3*x - 5. Let z be v(4). Suppose p + 118 = 2*y - z, 0 = y + p - 81. What is the units digit of y?
2
Let v(g) = 2*g**2 - 3*g - 5. Suppose -w - 4*w + 4*o = 37, o - 3 = 0. Let r be (w/4)/((-3)/12). What is the units digit of v(r)?
0
Let i(d) = -d**3 + 3*d**2 + 15*d + 6. Let g be i(8). Let r = g - -282. What is the units digit of r?
8
Suppose 0 = g, 2*f + 0*f = -g + 40. What is the units digit of 3*(1 + f/1)?
3
Let f = 2020 - 1019. What is the tens digit of f?
0
Suppose -p = -3*k - 0*p - 61, 0 = -k + 2*p - 12. Suppose 3*g - 3*b = 135, -g - 2*g = -4*b - 134. Let f = k + g. What is the units digit of f?
4
Let m be (-3)/(2 + (0 - 3)). Suppose 22 - 4 = m*c. Suppose -c = 3*g - 6*g. What is the units digit of g?
2
Suppose -15 = 4*g + 9. Suppose -x = 5*t + 46, -3*x + 2*x + 17 = -2*t. What is the tens digit of 2/g*4*t?
1
What is the units digit of (-2251)/(-5) - (-28)/(-140)?
0
Suppose -d + 2406 - 1511 = 0. What is the tens digit of d?
9
Let x(f) = 2*f + 5. Let v be x(-6). Let b(l) = l**3 + 8*l**2 - 8*l - 3. Let h be b(v). Suppose g = 3*g - h. What is the tens digit of g?
5
Let c = -106 + 67. Let q = 6 - c. What is the tens digit of q?
4
Let i be (-6)/4*(-428)/6. Suppose -v + i - 37 = 0. What is the tens digit of v?
7
Let k(q) = 10*q**2 - 18*q + 26. What is the thousands digit of k(17)?
2
Let k be 0 - -72 - (1 + 1). Suppose 5*v - 1 = 2*y - 4, -4*y = 2*v - 18. Suppose 5*p + k = 2*c, -y*c + 3*p - 2*p + 122 = 0. What is the units digit of c?
0
Let q be -2 + (0 - -3) - 2. Let b be -2 - 5*1/q. What is the units digit of 14 - (1 + 3 - b)?
3
Let w(t) = 2*t**3 - 21*t + 2. What is the units digit of w(5)?
7
Suppose -67*l + 15272 = -24325. What is the units digit of l?
1
Let b be (68/3)/(-3*(-4)/486). Suppose -3*x - b = -5*f, 265 = 3*f + x - 297. What is the units digit of f?
6
Let w = -128 - -122. Suppose 54 = 2*n + n. What is the units digit of (n/2)/(w/(-16))?
4
Let r(q) = q**2 + 9*q - 8. Let i be ((-21)/9)/((-3)/9). Let x be r(i). Suppose 4*d + 4*t - x = -0*d, 2*d - 54 = -3*t. What is the tens digit of d?
2
Let p be (9/6)/(-1)*-8. Suppose -p - 11 = -w. What is the units digit of w?
3
Let q(v) = 10*v**2 + 6*v + 76. What is the thousands digit of q(-10)?
1
Suppose 5*i - d + 354 = 0, -7*i - 351 = -2*i - 4*d. Suppose 0 = 5*y + 5*q - 575, 2*y - 110 - 112 = 2*q. Let x = i + y. What is the units digit of x?
2
Let o(p) be the second derivative of p**4/12 + p**3 + p**2 + 4*p. What is the units digit of o(-10)?
2
Let v = -425 + 618. What is the units digit of v?
3
Suppose 5*l - 9 = 3*l + 3*w, -2*l = -5*w - 11. Suppose -5*x + 6*b + 258 = 2*b, 158 = l*x - 4*b. What is the units digit of x?
0
Let b = -49 + 61. Suppose 0 = b*x - 10*x - 56. What is the tens digit of x?
2
Let k be (-2)/(-5) + (-128)/20. Let i be 5 + (-2)/k*0. Suppose 5*l + 120 = 5*v, 143 = 5*v + i*l + 3. What is the units digit of v?
6
Suppose 5*d - 9*d = -636. What is the tens digit of (4 - 1)*d/(-18)*-4?
0
Let g(c) = -c**2 - 5*c - 4. Let b be g(0). What is the tens digit of ((-9)/b)/(24/1472)?
3
Let t(z) = 53*z**2 + 5*z - 11. Let b(y) = -26*y**2 - 2*y + 5. Let q(r) = -5*b(r) - 2*t(r). What is the tens digit of q(-2)?
9
What is the hundreds digit of 105/((-11)/(-15) - 2/5)?
3
Let x be (0 - 8)*(-1)/2. Let p be 119/(-34)*4*-1. Suppose -20 = -5*t - 2*o, -2*o + p - x = 0. What is the units digit of t?
2
Let p(w) = -5*w**2 + 3*w - 2. Let u(r) = -5*r**2 + 3*r - 1. Let v(b) = -6*p(b) + 5*u(b). What is the units digit of v(2)?
1
Let w be (6/(-5))/(1/5). Let v(f) = -f**2 - 9*f - 4. Let s be v(w). Suppose -3*q + s = -2*q. What is the units digit of q?
4
Let b(d) = 94*d - 54. What is the tens digit of b(12)?
7
Suppose -2*d - 403 + 2777 = 0. Suppose 0*o + 2*o = 8, -5*c = 3*o - d. What is the hundreds digit of c?
2
Let b be (-8)/6 - 133/(-21). Suppose 0 = 8*v - b*v - 18. Suppose v*g = g + 20. What is the units digit of g?
4
Let a = 645 - -482. What is the thousands digit of a?
1
Suppose 7*i - 3*i = 20. Suppose i*g - 24 = 36. What is the units digit of (-6)/(g/(-32) - 0)?
6
Suppose -1104 = -189*l + 187*l. What is the units digit of l?
2
Let o(x) = x + 14. Let k be o(-8). Suppose 0 = k*y + 88 + 80. Let i = -16 - y. What is the tens digit of i?
1
Let l be (16/12)/((-2)/(-153)). Suppose -6*s + 198 = -l. What is the tens digit of s?
5
Suppose -4*b - 4*f - 6 = -2*b, 3*b = -5*f - 5. Let t be 1*(0 - b/1). Let z = t - -11. What is the units digit of z?
6
Let a(q) = -3*q - 48. Let z be a(-19). Suppose 0 = -z*f - 6*f + 2265. What is the tens digit of f?
5
Suppose -o + 3*o - 2*l - 270 = 0, -5*o = 4*l - 630. Suppose 2*x = -4*h - h + o, -5*x = -4*h - 292. What is the units digit of x?
0
Let v(p) = -p**2 + 16*p - 23. Let b = 29 - 17. What is the units digit of v(b)?
5
Let o(g) = -11*g**2 - 4*g - 3. Let s be o(5). Let v be s/(-10) + 1/5. What is the tens digit of v*(-1 + 10/6)?
2
Suppose 3*j + 4*w + 210 = 3*w, 0 = -2*j - 3*w - 133. Let c = j - -157. What is the tens digit of c?
8
Let u be 2*(9/6)/(-3). What is the tens digit of (-129)/u - (-5 + (-10)/(-5))?
3
Let p(z) be the first derivative of z**3/3 - 5*z**2/2 - 16*z - 2. What is the units digit of p(13)?
8
Let x(r) = 3*r**3 - 5*r**2 + 12*r - 11. Let q be x(8). What is the units digit of 1/(21/3) - q/(-7)?
6
Let b(n) = 3*n**2 + 3*n - 2. Let z be b(1). Suppose -4 = -z*a + 4. Suppose r = 2*r - 5*i - 3, -6 = -2*r - a*i. What is the units digit of r?
3
Suppose 49*z - 122575 - 24131 = 0. What is the hundreds digit of z?
9
Suppose 0 = -4*u + 3 + 5. Suppose 4*a - 24 = -2*b, 0*b - 3*b = u*a - 16. What is the tens digit of (-26)/a*40/(-16)?
1
Let x be 2*(0 + -2 + 3). Suppose 2*y - z - 130 = -x*z, 244 = 4*y - 2*z. What is the tens digit of y?
6
What is the hundreds digit of 4849110/2310 + (1 - 13/11)?
0
Let i(a) = 5*a + 4*a**2 - 9 - 2*a**2 - a**2. Let q be i(-7). Suppose q + 0 = w. 